omposite?
False
Is 240677 a prime number?
True
Is 330193 composite?
True
Is 6679 composite?
False
Is 5311 a prime number?
False
Is 207167 composite?
True
Is 36809 prime?
True
Is 56107 composite?
True
Is 135089 prime?
True
Is 809 a prime number?
True
Is 745 a prime number?
False
Is 5969 prime?
False
Is 78137 a prime number?
True
Is 78977 a prime number?
True
Is 284017 a prime number?
False
Is 83459 composite?
False
Is 14613 composite?
True
Is 46951 composite?
True
Is 303073 prime?
True
Is 66169 a prime number?
True
Is 622849 a prime number?
True
Is 394619 prime?
True
Is 9358 prime?
False
Is 79621 composite?
False
Is 2603 prime?
False
Is 557 a composite number?
False
Is 442945 composite?
True
Is 6437 a prime number?
False
Is 32603 prime?
True
Is 199309 a prime number?
False
Is 58027 a composite number?
False
Is 8999 composite?
False
Is 79411 a composite number?
False
Is 2479 a prime number?
False
Is 515087 a prime number?
True
Is 208573 a composite number?
True
Is 85513 a composite number?
False
Is 42827 composite?
True
Is 78661 a composite number?
True
Is 8506 prime?
False
Is 84907 prime?
False
Is 75083 a prime number?
True
Is 106885 composite?
True
Is 489 prime?
False
Is 76811 a prime number?
False
Is 409843 prime?
False
Is 20477 a prime number?
True
Is 55009 prime?
True
Is 49183 prime?
False
Is 1041 a prime number?
False
Is 183674 a prime number?
False
Is 122338 composite?
True
Is 42821 a prime number?
True
Is 210391 composite?
False
Is 1921 composite?
True
Is 25274 a composite number?
True
Is 20593 prime?
True
Is 55951 composite?
True
Is 22585 composite?
True
Is 21677 a composite number?
True
Is 90347 a prime number?
False
Is 18797 prime?
True
Is 2437 prime?
True
Is 17717 a prime number?
False
Is 20369 composite?
False
Is 4073 prime?
True
Is 67567 a prime number?
True
Is 10643 a composite number?
True
Is 464851 a prime number?
False
Is 287027 prime?
False
Is 21821 composite?
False
Is 671203 a composite number?
True
Is 15837 a composite number?
True
Is 571511 a composite number?
True
Is 86453 prime?
True
Is 384349 a prime number?
False
Is 3589 a prime number?
False
Is 115937 composite?
True
Is 4091 composite?
False
Is 48383 prime?
True
Is 5623 prime?
True
Is 32831 prime?
True
Is 1907 prime?
True
Is 30491 a prime number?
True
Is 36583 composite?
False
Is 952367 prime?
False
Is 8803 a composite number?
False
Is 30367 prime?
True
Is 5779 prime?
True
Is 4253 prime?
True
Is 13097 a composite number?
True
Is 1992371 a composite number?
True
Is 5729 composite?
True
Is 255845 a composite number?
True
Is 247961 prime?
False
Is 256163 composite?
False
Is 8907 prime?
False
Is 823337 a composite number?
False
Is 79451 prime?
True
Is 23249 composite?
True
Is 9407 a prime number?
False
Is 64445 composite?
True
Is 4425115 a composite number?
True
Is 12133 a composite number?
True
Is 41999 a composite number?
False
Is 1408933 prime?
False
Is 384961 a prime number?
True
Is 26339 composite?
False
Is 69761 composite?
False
Is 129793 a composite number?
False
Is 713553 a composite number?
True
Is 372443 a composite number?
False
Is 12997 a prime number?
False
Is 14077 composite?
True
Is 152051 a prime number?
False
Is 206774 a prime number?
False
Is 29257 a prime number?
False
Is 50829 prime?
False
Is 669 prime?
False
Is 4861 a composite number?
False
Is 570643 prime?
True
Is 42209 a composite number?
False
Is 23969 composite?
True
Is 93037 composite?
True
Is 277507 composite?
True
Is 47485 composite?
True
Is 5623 composite?
False
Is 1578353 prime?
False
Is 335791 a composite number?
True
Is 12713 a composite number?
False
Is 101953 a composite number?
True
Is 35831 composite?
False
Is 316735 a prime number?
False
Is 8779 a prime number?
True
Is 35743 prime?
False
Is 20665 composite?
True
Is 63227 a prime number?
False
Is 20053 a composite number?
True
Is 10061 composite?
False
Is 23245 a composite number?
True
Is 14359 prime?
False
Is 412849 a prime number?
True
Is 969821 a composite number?
False
Is 26099 a prime number?
True
Is 3664555 a composite number?
True
Is 129713 composite?
True
Is 29081 a prime number?
False
Is 40899 composite?
True
Is 11199 composite?
True
Is 43357 a composite number?
True
Is 121831 composite?
True
Is 16823 composite?
False
Is 311365 a composite number?
True
Is 29009 prime?
True
Is 441226 composite?
True
Is 23935 composite?
True
Is 1832057 composite?
False
Is 28831 a composite number?
True
Is 574298 prime?
False
Is 164239 prime?
True
Is 531457 a prime number?
True
Is 11819 composite?
True
Is 47933 a prime number?
True
Is 130729 composite?
False
Is 713581 a prime number?
False
Is 384049 composite?
False
Is 1352719 composite?
True
Is 15479 prime?
False
Is 41889 a prime number?
False
Is 32483 prime?
False
Is 10307 a prime number?
False
Is 18463 a prime number?
False
Is 13045 a prime number?
False
Is 634259 prime?
False
Is 580031 prime?
True
Is 1405 a composite number?
True
Is 1195671 prime?
False
Is 6547 composite?
False
Is 68813 a prime number?
True
Is 893 a composite number?
True
Is 19951 a prime number?
False
Is 2099 a composite number?
False
Is 13897 a prime number?
False
Is 33727 prime?
False
Is 10965613 prime?
True
Is 20647 a prime number?
False
Is 176291 a composite number?
True
Is 28277 a composite number?
False
Is 38543 a prime number?
True
Is 104201 a prime number?
False
Is 325271 prime?
True
Is 864083 a prime number?
False
Is 3967 a prime number?
True
Is 92029 composite?
True
Is 206069 prime?
True
Is 22247 a prime number?
True
Is 12271 a prime number?
False
Is 739867 a prime number?
False
Is 2573 a prime number?
False
Is 29629 a prime number?
True
Is 32995 a prime number?
False
Is 26665 a composite number?
True
Is 123871 prime?
False
Is 202471 a prime number?
True
Is 27043 composite?
False
Is 12603 composite?
True
Is 28399 prime?
False
Is 172199 a prime number?
True
Is 22271 composite?
False
Is 1921 composite?
True
Is 102139 prime?
True
Is 43922 a composite number?
True
Is 19091 a composite number?
True
Is 355529 a prime number?
True
Is 869 prime?
False
Is 47599 a composite number?
False
Is 159389 composite?
False
Is 1543 a prime number?
True
Is 862311 a prime number?
False
Is 1037815 a composite number?
True
Is 124427 a prime number?
True
Is 5723 a composite number?
True
Is 376319 a composite number?
True
Is 8743 a composite number?
True
Is 4721 a prime number?
True
Is 1894039 composite?
True
Is 32777 prime?
False
Is 1293713 a prime number?
False
Is 2215 prime?
False
Is 219577 a composite number?
False
Is 14509 a prime number?
False
Is 275005 prime?
False
Is 130627 prime?
False
Is 339517 a composite number?
False
Is 15493 prime?
True
Is 58831 composite?
False
Is 726983 prime?
True
Is 1087 composite?
False
Is 416667 composite?
True
Is 856259 a composite number?
True
Is 18919 composite?
False
Is 11719 a composite number?
False
Is 75151 prime?
False
Is 382 prime?
False
Is 636947 prime?
True
Is 8999 composite?
False
Is 30035 composite?
True
Is 149 composite?
False
Is 4083 composite?
True
Is 380357 composite?
True
Is 20821 a prime number?
False
Is 21647 prime?
True
Is 46559 a prime number?
True
Is 28639 a composite number?
True
Is 15611 a prime number?
False
Is 2521 a composite number?
False
Is 30731 composite?
True
Is 239467 a composite number?
True
Is 2090693 prime?
False
Is 47809 prime?
True
Is 3613 prime?
True
Is 90583 prime?
True
Is 81919 composite?
False
Is 898877 prime?
False
Is 609241 a composite number?
False
Is 21169 a prime number?
True
Is 12499 a composite number?
True
Is 11707 composite?
True
Is 2237 a composite number?
False
Is 177539 composite?
False
Is 44839 prime?
True
Is 2609 composite?
False
Is 3803 a composite number?
False
Is 11003 prime?
True
Is 179329 prime?
False
Is 7593 a prime number?
False
Is 303703 prime?
True
Is 102215 a composite number?
True
Is 489377 a prime number?
False
Is 17245 a prime number?
False
Is 546837 composite?
True
Is 15971 composite?
False
Is 16753 prime?
False
Is 183461 composite?
False
Is 39659 composite?
False
Is 115631 composite?
False
Is 1651283 a prime number?
True
Is 54461 a composite number?
True
Is 1801 prime?
True
Is 6737299 a prime number?
True
Is 19121 a composite number?
False
Is 670987 composite?
False
Is 3079 prime?
True
Is 368923 a prime number?
False
Is 4567 prim